{"id":1066,"date":"2021-09-06T19:50:00","date_gmt":"2021-09-06T19:50:00","guid":{"rendered":"https:\/\/dev.agenciaupp.com.br\/sites\/hcinovo.com.br\/?page_id=1066"},"modified":"2022-02-10T19:01:54","modified_gmt":"2022-02-10T19:01:54","slug":"valvulas","status":"publish","type":"page","link":"https:\/\/dev.agenciaupp.com.br\/sites\/hcinovo.com.br\/valvulas\/","title":{"rendered":"V\u00e1lvulas"},"content":{"rendered":"\t\t<div data-elementor-type=\"wp-page\" data-elementor-id=\"1066\" class=\"elementor elementor-1066\">\n\t\t\t\t\t\t\t\t\t<section class=\"elementor-section elementor-top-section elementor-element elementor-element-ba45196 elementor-section-boxed elementor-section-height-default elementor-section-height-default\" data-id=\"ba45196\" data-element_type=\"section\">\n\t\t\t\t\t\t<div class=\"elementor-container elementor-column-gap-default\">\n\t\t\t\t\t<div class=\"elementor-column elementor-col-100 elementor-top-column elementor-element elementor-element-baa2429\" data-id=\"baa2429\" data-element_type=\"column\">\n\t\t\t<div class=\"elementor-widget-wrap elementor-element-populated\">\n\t\t\t\t\t\t\t\t<div class=\"elementor-element elementor-element-926f039 vazadofundobranco elementor-widget elementor-widget-heading\" data-id=\"926f039\" data-element_type=\"widget\" data-widget_type=\"heading.default\">\n\t\t\t\t<div class=\"elementor-widget-container\">\n\t\t\t<h2 class=\"elementor-heading-title elementor-size-default\">V\u00e1lvulas<\/h2>\t\t<\/div>\n\t\t\t\t<\/div>\n\t\t\t\t\t<\/div>\n\t\t<\/div>\n\t\t\t\t\t\t\t<\/div>\n\t\t<\/section>\n\t\t\t\t<section class=\"elementor-section elementor-top-section elementor-element elementor-element-79f7228 elementor-section-boxed elementor-section-height-default elementor-section-height-default\" data-id=\"79f7228\" data-element_type=\"section\">\n\t\t\t\t\t\t<div class=\"elementor-container elementor-column-gap-default\">\n\t\t\t\t\t<div class=\"elementor-column elementor-col-50 elementor-top-column elementor-element elementor-element-438387a\" data-id=\"438387a\" data-element_type=\"column\">\n\t\t\t<div class=\"elementor-widget-wrap elementor-element-populated\">\n\t\t\t\t\t\t\t\t<div class=\"elementor-element elementor-element-7851fed elementor-widget elementor-widget-text-editor\" data-id=\"7851fed\" data-element_type=\"widget\" data-widget_type=\"text-editor.default\">\n\t\t\t\t<div class=\"elementor-widget-container\">\n\t\t\t\t\t\t\t<p><strong>V\u00c1LVULAS:<\/strong> Gaveta, Globo, Reten\u00e7\u00e3o, Esfera, Macho, Borboleta entre outras.\u00a0Automa\u00e7\u00e3o conforme desenho e especifica\u00e7\u00f5es t\u00e9cnicas do projeto.<\/p>\t\t\t\t\t\t<\/div>\n\t\t\t\t<\/div>\n\t\t\t\t<div class=\"elementor-element elementor-element-cd80516 elementor-widget elementor-widget-text-editor\" data-id=\"cd80516\" data-element_type=\"widget\" data-widget_type=\"text-editor.default\">\n\t\t\t\t<div class=\"elementor-widget-container\">\n\t\t\t\t\t\t\t<p><strong>MATERIAIS DO CORPO:<\/strong> A\u00e7o Carbono, A\u00e7o Inoxid\u00e1vel, A\u00e7o ligado, Ligas de Bronze, de Ferro e outras ligas sob encomenda.\u00a0<\/p>\t\t\t\t\t\t<\/div>\n\t\t\t\t<\/div>\n\t\t\t\t<div class=\"elementor-element elementor-element-8eeef56 elementor-widget elementor-widget-text-editor\" data-id=\"8eeef56\" data-element_type=\"widget\" data-widget_type=\"text-editor.default\">\n\t\t\t\t<div class=\"elementor-widget-container\">\n\t\t\t\t\t\t\t<p><strong>TRIM:<\/strong> Conforme padr\u00e3o fabricante e sob consulta. NORMAS: API 600, API602, API6D e outras sob consulta.\u00a0<\/p>\t\t\t\t\t\t<\/div>\n\t\t\t\t<\/div>\n\t\t\t\t<div class=\"elementor-element elementor-element-b679ee9 elementor-widget elementor-widget-text-editor\" data-id=\"b679ee9\" data-element_type=\"widget\" data-widget_type=\"text-editor.default\">\n\t\t\t\t<div class=\"elementor-widget-container\">\n\t\t\t\t\t\t\t<p><strong>DI\u00c2METROS:<\/strong> \u00bd\u201d a 60\u201dCLASSE:\u00a0<br \/>ASME 150 \u2013 4500\u00a0<br \/>API\u02c6D 2000 \u2013 15000\u00a0<br \/>WOG 600 \u2013 2000<\/p>\t\t\t\t\t\t<\/div>\n\t\t\t\t<\/div>\n\t\t\t\t\t<\/div>\n\t\t<\/div>\n\t\t\t\t<div class=\"elementor-column elementor-col-50 elementor-top-column elementor-element elementor-element-ef4c478\" data-id=\"ef4c478\" data-element_type=\"column\">\n\t\t\t<div class=\"elementor-widget-wrap elementor-element-populated\">\n\t\t\t\t\t\t\t\t<div class=\"elementor-element elementor-element-4ab6f3c elementor-widget elementor-widget-image\" data-id=\"4ab6f3c\" data-element_type=\"widget\" data-widget_type=\"image.default\">\n\t\t\t\t<div class=\"elementor-widget-container\">\n\t\t\t\t\t\t\t\t\t\t\t\t\t\t\t<img decoding=\"async\" src=\"https:\/\/dev.agenciaupp.com.br\/sites\/hcinovo.com.br\/wp-content\/uploads\/elementor\/thumbs\/valvulas-1-ph82khopj7vu9zuduo7ldkf57apuosa0jfc2dq9mi8.jpg\" title=\"v\u00e1lvulas\" alt=\"v\u00e1lvulas\" loading=\"lazy\" \/>\t\t\t\t\t\t\t\t\t\t\t\t\t\t\t<\/div>\n\t\t\t\t<\/div>\n\t\t\t\t\t<\/div>\n\t\t<\/div>\n\t\t\t\t\t\t\t<\/div>\n\t\t<\/section>\n\t\t\t\t\t\t\t<\/div>\n\t\t","protected":false},"excerpt":{"rendered":"<p>V\u00e1lvulas V\u00c1LVULAS: Gaveta, Globo, Reten\u00e7\u00e3o, Esfera, Macho, Borboleta entre outras.\u00a0Automa\u00e7\u00e3o conforme desenho e especifica\u00e7\u00f5es t\u00e9cnicas do projeto. MATERIAIS DO CORPO: A\u00e7o Carbono, A\u00e7o Inoxid\u00e1vel, A\u00e7o ligado, Ligas de Bronze, de Ferro e outras ligas sob encomenda.\u00a0 TRIM: Conforme padr\u00e3o fabricante e sob consulta. NORMAS: API 600, API602, API6D e outras sob consulta.\u00a0 DI\u00c2METROS: \u00bd\u201d a [&hellip;]<\/p>\n","protected":false},"author":1,"featured_media":0,"parent":0,"menu_order":0,"comment_status":"closed","ping_status":"closed","template":"","meta":{"footnotes":""},"class_list":["post-1066","page","type-page","status-publish","hentry"],"_links":{"self":[{"href":"https:\/\/dev.agenciaupp.com.br\/sites\/hcinovo.com.br\/wp-json\/wp\/v2\/pages\/1066","targetHints":{"allow":["GET"]}}],"collection":[{"href":"https:\/\/dev.agenciaupp.com.br\/sites\/hcinovo.com.br\/wp-json\/wp\/v2\/pages"}],"about":[{"href":"https:\/\/dev.agenciaupp.com.br\/sites\/hcinovo.com.br\/wp-json\/wp\/v2\/types\/page"}],"author":[{"embeddable":true,"href":"https:\/\/dev.agenciaupp.com.br\/sites\/hcinovo.com.br\/wp-json\/wp\/v2\/users\/1"}],"replies":[{"embeddable":true,"href":"https:\/\/dev.agenciaupp.com.br\/sites\/hcinovo.com.br\/wp-json\/wp\/v2\/comments?post=1066"}],"version-history":[{"count":43,"href":"https:\/\/dev.agenciaupp.com.br\/sites\/hcinovo.com.br\/wp-json\/wp\/v2\/pages\/1066\/revisions"}],"predecessor-version":[{"id":5393,"href":"https:\/\/dev.agenciaupp.com.br\/sites\/hcinovo.com.br\/wp-json\/wp\/v2\/pages\/1066\/revisions\/5393"}],"wp:attachment":[{"href":"https:\/\/dev.agenciaupp.com.br\/sites\/hcinovo.com.br\/wp-json\/wp\/v2\/media?parent=1066"}],"curies":[{"name":"wp","href":"https:\/\/api.w.org\/{rel}","templated":true}]}}