{"id":1071,"date":"2021-09-06T19:54:29","date_gmt":"2021-09-06T19:54:29","guid":{"rendered":"https:\/\/dev.agenciaupp.com.br\/sites\/hcinovo.com.br\/?page_id=1071"},"modified":"2022-02-10T19:06:19","modified_gmt":"2022-02-10T19:06:19","slug":"flanges","status":"publish","type":"page","link":"https:\/\/dev.agenciaupp.com.br\/sites\/hcinovo.com.br\/flanges\/","title":{"rendered":"Flanges"},"content":{"rendered":"\t\t<div data-elementor-type=\"wp-page\" data-elementor-id=\"1071\" class=\"elementor elementor-1071\">\n\t\t\t\t\t\t\t\t\t<section class=\"elementor-section elementor-top-section elementor-element elementor-element-d5c02b6 elementor-section-boxed elementor-section-height-default elementor-section-height-default\" data-id=\"d5c02b6\" data-element_type=\"section\">\n\t\t\t\t\t\t<div class=\"elementor-container elementor-column-gap-default\">\n\t\t\t\t\t<div class=\"elementor-column elementor-col-100 elementor-top-column elementor-element elementor-element-0972f44\" data-id=\"0972f44\" data-element_type=\"column\">\n\t\t\t<div class=\"elementor-widget-wrap elementor-element-populated\">\n\t\t\t\t\t\t\t\t<div class=\"elementor-element elementor-element-dc6f985 vazadofundobranco elementor-widget elementor-widget-heading\" data-id=\"dc6f985\" data-element_type=\"widget\" data-widget_type=\"heading.default\">\n\t\t\t\t<div class=\"elementor-widget-container\">\n\t\t\t<h2 class=\"elementor-heading-title elementor-size-default\">Flanges<\/h2>\t\t<\/div>\n\t\t\t\t<\/div>\n\t\t\t\t\t<\/div>\n\t\t<\/div>\n\t\t\t\t\t\t\t<\/div>\n\t\t<\/section>\n\t\t\t\t<section class=\"elementor-section elementor-top-section elementor-element elementor-element-712d515 elementor-section-boxed elementor-section-height-default elementor-section-height-default\" data-id=\"712d515\" data-element_type=\"section\">\n\t\t\t\t\t\t<div class=\"elementor-container elementor-column-gap-default\">\n\t\t\t\t\t<div class=\"elementor-column elementor-col-50 elementor-top-column elementor-element elementor-element-ef4bcf0\" data-id=\"ef4bcf0\" data-element_type=\"column\">\n\t\t\t<div class=\"elementor-widget-wrap elementor-element-populated\">\n\t\t\t\t\t\t\t\t<div class=\"elementor-element elementor-element-7851fed elementor-widget elementor-widget-text-editor\" data-id=\"7851fed\" data-element_type=\"widget\" data-widget_type=\"text-editor.default\">\n\t\t\t\t<div class=\"elementor-widget-container\">\n\t\t\t\t\t\t\t<p><strong>FLANGE:<\/strong> Pesco\u00e7o, cego, solto, sobreposto, encaixe solda, roscado e orif\u00edcio de \u00bd\u201d a 90\u201d, classes de press\u00e3o de 150 a 20.000 PSI;<\/p><p><strong>FLANGE SWIVEL (rotativo):<\/strong> \u2013 API17D \u2013 2 1\/16 \u2018a 21 \u00bc\u2019 5.000 a 15.000 PSI<\/p>\t\t\t\t\t\t<\/div>\n\t\t\t\t<\/div>\n\t\t\t\t<div class=\"elementor-element elementor-element-cd80516 elementor-widget elementor-widget-text-editor\" data-id=\"cd80516\" data-element_type=\"widget\" data-widget_type=\"text-editor.default\">\n\t\t\t\t<div class=\"elementor-widget-container\">\n\t\t\t\t\t\t\t<p><strong>FLANGE API 6A:<\/strong> API 6A com transi\u00e7\u00e3o para ASME \u2013 2 1\/16\u2019 a 20 \u00be\u2019 3.000 a 20.000 PSI\u00a0<\/p><p><strong>FLANGE NORSOK:<\/strong> i005 \u00bd\u2019 a 48\u2019 150 a 2.000 PSI\u00a0<\/p>\t\t\t\t\t\t<\/div>\n\t\t\t\t<\/div>\n\t\t\t\t<div class=\"elementor-element elementor-element-8eeef56 elementor-widget elementor-widget-text-editor\" data-id=\"8eeef56\" data-element_type=\"widget\" data-widget_type=\"text-editor.default\">\n\t\t\t\t<div class=\"elementor-widget-container\">\n\t\t\t\t\t\t\t<p><strong>FLANGES ESPECIAIS:<\/strong> (projetados\/dimensionados conforme desenho) de 5.000 e 10.000 PSI\u00a0<\/p><p><strong>FIGURAS 8, RAQUETES E AN\u00c9IS ESPA\u00c7ADOR:<\/strong> \u00bd\u2019 a 42\u2019. Classes de press\u00e3o de 150 a 2.500 Ibs<\/p>\t\t\t\t\t\t<\/div>\n\t\t\t\t<\/div>\n\t\t\t\t<div class=\"elementor-element elementor-element-b679ee9 elementor-widget elementor-widget-text-editor\" data-id=\"b679ee9\" data-element_type=\"widget\" data-widget_type=\"text-editor.default\">\n\t\t\t\t<div class=\"elementor-widget-container\">\n\t\t\t\t\t\t\t<p><strong>MATERIAIS DO CORPO:<\/strong> A\u00e7o Carbono, A\u00e7o Inoxid\u00e1vel, A\u00e7o Liga, Duplex, Superduplex, Ligas de N\u00edquel A522\/GR8, Inconel, N\u00edquel e Titanium.<\/p>\t\t\t\t\t\t<\/div>\n\t\t\t\t<\/div>\n\t\t\t\t\t<\/div>\n\t\t<\/div>\n\t\t\t\t<div class=\"elementor-column elementor-col-50 elementor-top-column elementor-element elementor-element-1874fcc\" data-id=\"1874fcc\" data-element_type=\"column\">\n\t\t\t<div class=\"elementor-widget-wrap elementor-element-populated\">\n\t\t\t\t\t\t\t\t<div class=\"elementor-element elementor-element-d2d35d3 elementor-widget elementor-widget-image\" data-id=\"d2d35d3\" data-element_type=\"widget\" data-widget_type=\"image.default\">\n\t\t\t\t<div class=\"elementor-widget-container\">\n\t\t\t\t\t\t\t\t\t\t\t\t\t\t\t<img decoding=\"async\" src=\"https:\/\/dev.agenciaupp.com.br\/sites\/hcinovo.com.br\/wp-content\/uploads\/elementor\/thumbs\/flanges-ph82hur0cy9vpdoa9169vqdl7dps3ct4idg0ws6dyo.jpg\" title=\"flanges\" alt=\"flanges\" loading=\"lazy\" \/>\t\t\t\t\t\t\t\t\t\t\t\t\t\t\t<\/div>\n\t\t\t\t<\/div>\n\t\t\t\t\t<\/div>\n\t\t<\/div>\n\t\t\t\t\t\t\t<\/div>\n\t\t<\/section>\n\t\t\t\t\t\t\t<\/div>\n\t\t","protected":false},"excerpt":{"rendered":"<p>Flanges FLANGE: Pesco\u00e7o, cego, solto, sobreposto, encaixe solda, roscado e orif\u00edcio de \u00bd\u201d a 90\u201d, classes de press\u00e3o de 150 a 20.000 PSI; FLANGE SWIVEL (rotativo): \u2013 API17D \u2013 2 1\/16 \u2018a 21 \u00bc\u2019 5.000 a 15.000 PSI FLANGE API 6A: API 6A com transi\u00e7\u00e3o para ASME \u2013 2 1\/16\u2019 a 20 \u00be\u2019 3.000 a [&hellip;]<\/p>\n","protected":false},"author":1,"featured_media":0,"parent":0,"menu_order":0,"comment_status":"closed","ping_status":"closed","template":"","meta":{"footnotes":""},"class_list":["post-1071","page","type-page","status-publish","hentry"],"_links":{"self":[{"href":"https:\/\/dev.agenciaupp.com.br\/sites\/hcinovo.com.br\/wp-json\/wp\/v2\/pages\/1071","targetHints":{"allow":["GET"]}}],"collection":[{"href":"https:\/\/dev.agenciaupp.com.br\/sites\/hcinovo.com.br\/wp-json\/wp\/v2\/pages"}],"about":[{"href":"https:\/\/dev.agenciaupp.com.br\/sites\/hcinovo.com.br\/wp-json\/wp\/v2\/types\/page"}],"author":[{"embeddable":true,"href":"https:\/\/dev.agenciaupp.com.br\/sites\/hcinovo.com.br\/wp-json\/wp\/v2\/users\/1"}],"replies":[{"embeddable":true,"href":"https:\/\/dev.agenciaupp.com.br\/sites\/hcinovo.com.br\/wp-json\/wp\/v2\/comments?post=1071"}],"version-history":[{"count":34,"href":"https:\/\/dev.agenciaupp.com.br\/sites\/hcinovo.com.br\/wp-json\/wp\/v2\/pages\/1071\/revisions"}],"predecessor-version":[{"id":5399,"href":"https:\/\/dev.agenciaupp.com.br\/sites\/hcinovo.com.br\/wp-json\/wp\/v2\/pages\/1071\/revisions\/5399"}],"wp:attachment":[{"href":"https:\/\/dev.agenciaupp.com.br\/sites\/hcinovo.com.br\/wp-json\/wp\/v2\/media?parent=1071"}],"curies":[{"name":"wp","href":"https:\/\/api.w.org\/{rel}","templated":true}]}}