{"id":3849,"date":"2021-11-11T11:58:00","date_gmt":"2021-11-11T11:58:00","guid":{"rendered":"https:\/\/dev.agenciaupp.com.br\/sites\/hcinovo.com.br\/?page_id=3849"},"modified":"2022-02-10T19:30:50","modified_gmt":"2022-02-10T19:30:50","slug":"niples","status":"publish","type":"page","link":"https:\/\/dev.agenciaupp.com.br\/sites\/hcinovo.com.br\/niples\/","title":{"rendered":"Niples"},"content":{"rendered":"\t\t<div data-elementor-type=\"wp-page\" data-elementor-id=\"3849\" class=\"elementor elementor-3849\">\n\t\t\t\t\t\t\t\t\t<section class=\"elementor-section elementor-top-section elementor-element elementor-element-d5c02b6 elementor-section-boxed elementor-section-height-default elementor-section-height-default\" data-id=\"d5c02b6\" data-element_type=\"section\">\n\t\t\t\t\t\t<div class=\"elementor-container elementor-column-gap-default\">\n\t\t\t\t\t<div class=\"elementor-column elementor-col-100 elementor-top-column elementor-element elementor-element-0972f44\" data-id=\"0972f44\" data-element_type=\"column\">\n\t\t\t<div class=\"elementor-widget-wrap elementor-element-populated\">\n\t\t\t\t\t\t\t\t<div class=\"elementor-element elementor-element-dc6f985 vazadofundobranco elementor-widget elementor-widget-heading\" data-id=\"dc6f985\" data-element_type=\"widget\" data-widget_type=\"heading.default\">\n\t\t\t\t<div class=\"elementor-widget-container\">\n\t\t\t<h2 class=\"elementor-heading-title elementor-size-default\">Niples<\/h2>\t\t<\/div>\n\t\t\t\t<\/div>\n\t\t\t\t\t<\/div>\n\t\t<\/div>\n\t\t\t\t\t\t\t<\/div>\n\t\t<\/section>\n\t\t\t\t<section class=\"elementor-section elementor-top-section elementor-element elementor-element-712d515 elementor-section-boxed elementor-section-height-default elementor-section-height-default\" data-id=\"712d515\" data-element_type=\"section\">\n\t\t\t\t\t\t<div class=\"elementor-container elementor-column-gap-default\">\n\t\t\t\t\t<div class=\"elementor-column elementor-col-50 elementor-top-column elementor-element elementor-element-ef4bcf0\" data-id=\"ef4bcf0\" data-element_type=\"column\">\n\t\t\t<div class=\"elementor-widget-wrap elementor-element-populated\">\n\t\t\t\t\t\t\t\t<div class=\"elementor-element elementor-element-8eeef56 elementor-widget elementor-widget-text-editor\" data-id=\"8eeef56\" data-element_type=\"widget\" data-widget_type=\"text-editor.default\">\n\t\t\t\t<div class=\"elementor-widget-container\">\n\t\t\t\t\t\t\t<p>Os NIPLES s\u00e3o compostos por um flange do tipo (WN) Weld Neck soldado a um segmento de tubo de a\u00e7o carbono com an\u00e9is no corpo externo.<\/p><p>Sua fun\u00e7\u00e3o fundamental \u00e9 a ancoragem das diversas\u00a0 camadas do processo de vulcaniza\u00e7\u00e3o dos mangotes, que s\u00e3o utilizados para transfer\u00eancia de petr\u00f3leo entre navios aliviadores e plataformas.<\/p><p>A produ\u00e7\u00e3o dos NIPLES passa pelos processos de caldeiraria e usinagem, al\u00e9m de teste n\u00e3o destrutivo e revestimento por zinco via galvaniza\u00e7\u00e3o a fogo.<\/p><p>O processo de produ\u00e7\u00e3o \u00e9 desenvolvido por engenheiros e submetidos aos rigorosos testes de qualidade padr\u00e3o HCI.<\/p><p>A HCI Industrial produz NIPLES a mais de 20 anos e tem hoje capacidade para produzir 100 NIPLES por m\u00eas<\/p>\t\t\t\t\t\t<\/div>\n\t\t\t\t<\/div>\n\t\t\t\t\t<\/div>\n\t\t<\/div>\n\t\t\t\t<div class=\"elementor-column elementor-col-50 elementor-top-column elementor-element elementor-element-1874fcc\" data-id=\"1874fcc\" data-element_type=\"column\">\n\t\t\t<div class=\"elementor-widget-wrap elementor-element-populated\">\n\t\t\t\t\t\t\t\t<div class=\"elementor-element elementor-element-d2d35d3 elementor-widget elementor-widget-image\" data-id=\"d2d35d3\" data-element_type=\"widget\" data-widget_type=\"image.default\">\n\t\t\t\t<div class=\"elementor-widget-container\">\n\t\t\t\t\t\t\t\t\t\t\t\t\t\t\t<img decoding=\"async\" src=\"https:\/\/dev.agenciaupp.com.br\/sites\/hcinovo.com.br\/wp-content\/uploads\/elementor\/thumbs\/niples-ph82ixae55qmxe4azztz7ynhk6ftuy24bo6xl4l8vk.jpg\" title=\"niples\" alt=\"niples\" loading=\"lazy\" \/>\t\t\t\t\t\t\t\t\t\t\t\t\t\t\t<\/div>\n\t\t\t\t<\/div>\n\t\t\t\t\t<\/div>\n\t\t<\/div>\n\t\t\t\t\t\t\t<\/div>\n\t\t<\/section>\n\t\t\t\t\t\t\t<\/div>\n\t\t","protected":false},"excerpt":{"rendered":"<p>Niples Os NIPLES s\u00e3o compostos por um flange do tipo (WN) Weld Neck soldado a um segmento de tubo de a\u00e7o carbono com an\u00e9is no corpo externo. Sua fun\u00e7\u00e3o fundamental \u00e9 a ancoragem das diversas\u00a0 camadas do processo de vulcaniza\u00e7\u00e3o dos mangotes, que s\u00e3o utilizados para transfer\u00eancia de petr\u00f3leo entre navios aliviadores e plataformas. A [&hellip;]<\/p>\n","protected":false},"author":1,"featured_media":0,"parent":0,"menu_order":0,"comment_status":"closed","ping_status":"closed","template":"","meta":{"footnotes":""},"class_list":["post-3849","page","type-page","status-publish","hentry"],"_links":{"self":[{"href":"https:\/\/dev.agenciaupp.com.br\/sites\/hcinovo.com.br\/wp-json\/wp\/v2\/pages\/3849","targetHints":{"allow":["GET"]}}],"collection":[{"href":"https:\/\/dev.agenciaupp.com.br\/sites\/hcinovo.com.br\/wp-json\/wp\/v2\/pages"}],"about":[{"href":"https:\/\/dev.agenciaupp.com.br\/sites\/hcinovo.com.br\/wp-json\/wp\/v2\/types\/page"}],"author":[{"embeddable":true,"href":"https:\/\/dev.agenciaupp.com.br\/sites\/hcinovo.com.br\/wp-json\/wp\/v2\/users\/1"}],"replies":[{"embeddable":true,"href":"https:\/\/dev.agenciaupp.com.br\/sites\/hcinovo.com.br\/wp-json\/wp\/v2\/comments?post=3849"}],"version-history":[{"count":22,"href":"https:\/\/dev.agenciaupp.com.br\/sites\/hcinovo.com.br\/wp-json\/wp\/v2\/pages\/3849\/revisions"}],"predecessor-version":[{"id":5432,"href":"https:\/\/dev.agenciaupp.com.br\/sites\/hcinovo.com.br\/wp-json\/wp\/v2\/pages\/3849\/revisions\/5432"}],"wp:attachment":[{"href":"https:\/\/dev.agenciaupp.com.br\/sites\/hcinovo.com.br\/wp-json\/wp\/v2\/media?parent=3849"}],"curies":[{"name":"wp","href":"https:\/\/api.w.org\/{rel}","templated":true}]}}